20 - 2*k**4/3 + 3*k**3/2 - 5*k**2/2 + 2*k. What is the remainder when (104/20)/((-1)/(-5)) is divided by n(7)?
8
Suppose 3*w - 4*a = 75, -3*w - w + 2*a = -90. What is the remainder when 61 is divided by w?
19
Let r(f) = f - 4. What is the remainder when 2 is divided by r(5)?
0
Let w = -91 + 95. Calculate the remainder when (-4 - -2)/(-2)*6 is divided by w.
2
What is the remainder when 13 is divided by (16/(-10))/(5/(-25))?
5
Let c(f) = -f + 1. Let i be c(4). Let u(x) = -7*x - 3. What is the remainder when 51 is divided by u(i)?
15
Let k = -71 - -105. Suppose -s + k = 4*x, -6 = 2*s - 4*x - 26. What is the remainder when 34 is divided by s?
16
Let h(a) = a + 6. Let r(w) = -1. Let z(k) = -h(k) - 5*r(k). Let y be z(-6). Suppose -105 = -y*c - 0*c. Calculate the remainder when c is divided by 11.
10
Let c be 1 + 3/(-6)*-158. Suppose -2*z - c = -3*a, 0*a - 40 = -a + 4*z. Suppose -8 + a = 4*j. What is the remainder when j is divided by 3?
1
Calculate the remainder when 18 is divided by (-10)/(-35) + 38/14.
0
Suppose 2*r = 4*a - 2, 0 = 2*r + 2*a - 2 - 14. What is the remainder when 14 is divided by r?
4
Let m(l) = 3*l**2 - 9*l + 15. Calculate the remainder when m(4) is divided by 16.
11
Suppose 3*t - 11 = 2*l, -5*l + 16 = -3*t + 57. Let d = -2 - l. Calculate the remainder when 2/6*13*3 is divided by d.
5
Let h be (-3)/21 + 282/14. Let p = h + -7. What is the remainder when 24 is divided by p?
11
Suppose 20 = 2*f + 2*f. What is the remainder when f is divided by 2?
1
Suppose -4*m - 15 - 21 = 0. Let t = m - -13. What is the remainder when t is divided by -2 + 3 + -2 + 3?
0
Let o be (-4)/(-6) - 60/9. What is the remainder when 21/2 + o/(-12) is divided by 3?
2
Suppose j + 3*h - 73 = -j, 0 = 3*j - 4*h - 67. What is the remainder when j is divided by 10?
9
Let s(k) = 6*k - 2. Let n be s(1). What is the remainder when (90/8 - -2)*n is divided by 14?
11
Suppose 15 = -6*m + m. Let l(z) = z**2 - 2*z - 2. Calculate the remainder when l(m) is divided by 7.
6
Suppose 0*d = -5*d + 80. What is the remainder when 63 is divided by d?
15
Suppose 4*l = -t - 7, -4*l = 4*t - l + 80. Let c = t - -30. What is the remainder when 18 is divided by c?
4
Let s be (-3)/(3/4) + -1. Let n(m) = -m - 1. What is the remainder when 12 is divided by n(s)?
0
Suppose -15*z = 46 - 166. What is the remainder when 22 is divided by z?
6
Let h = -4 - -6. Let d = 0 + h. Let w = -67 - -70. What is the remainder when w is divided by d?
1
Suppose -92 + 13 = -2*x - 5*g, -3*x + 4*g = -107. What is the remainder when x is divided by 23?
14
Suppose -59 + 17 = -3*n. What is the remainder when 25 is divided by n?
11
Calculate the remainder when 21 is divided by 16/3 - (-8)/12.
3
Let u = 1 + 3. Suppose i = -c - c + 10, -32 = -u*c + 4*i. Suppose 3*w + 5 - 17 = 0. Calculate the remainder when c is divided by w.
2
Suppose -22*c = -18*c - 76. Calculate the remainder when c is divided by 5.
4
Let x(r) = -17*r - 1. Let j be x(-1). Let z = j - 8. Calculate the remainder when z is divided by (-1 - -6) + -6 + 6.
3
Suppose 96 = 3*l - 3*h, -3*l + 2*l - 5*h + 44 = 0. What is the remainder when l is divided by 10?
4
Calculate the remainder when 77 is divided by 2*((-988)/(-72) + (-4)/18).
23
Suppose -5*r - 2*y + 42 = -0*y, -5*r + 41 = y. Suppose 5*v = v + r. Let q(d) = d**3 + d**2 + 2. What is the remainder when q(0) is divided by v?
0
Suppose -3*a + m + 56 = 0, m + 90 = 3*a + 2*a. Suppose 4*z + 3*w - 42 = 0, 4*z - 46 = -0*w - 5*w. Calculate the remainder when a is divided by z.
8
Let x(c) = c**2 - 3. Calculate the remainder when 1 is divided by x(-2).
0
Let y(t) = t**2 + 5. Let q(w) = -w**2 + 20*w - 2. Calculate the remainder when q(19) is divided by y(0).
2
Let m(c) = 6*c**2 - c + 1. Calculate the remainder when 14 is divided by m(1).
2
Suppose -3*l = -3*x - 1 - 26, -38 = -4*l + 5*x. What is the remainder when 18 is divided by l?
4
Suppose -2 = -v - 0. Let t(a) = -6*a + 0 + 2*a**v - 4 - 1. What is the remainder when 29 is divided by t(5)?
14
Suppose -2*w = 116 - 340. Suppose 0*u - w = -4*u. Let z = -11 + 26. Calculate the remainder when u is divided by z.
13
Let p(x) = -x**3 - 13*x**2 + 20. What is the remainder when (-1)/(10/76)*-5 is divided by p(-13)?
18
Let u(y) = -9*y - 7. Calculate the remainder when u(-6) is divided by 8.
7
Let j(c) be the second derivative of c**3/3 - 4*c. Calculate the remainder when j(14) is divided by ((-10)/2)/(2/(-4)).
8
Let g(x) = x**2 - x - 3. Let b be g(6). Suppose -2*t + b = 3*r + t, 0 = 3*r - 3*t - 39. What is the remainder when 42 is divided by r?
9
Let z(r) = r**3 - 15*r**2 + 15*r + 2. What is the remainder when 30 is divided by z(14)?
14
Let c(d) = d**2 - 3*d - 3. Let z be c(3). What is the remainder when (-573)/(-7) - z/21 is divided by 21?
19
Suppose 2*v - 4 = 12. Let m(y) be the second derivative of -y**5/20 + 2*y**4/3 - 5*y**3/6 + y**2/2 + 2*y. What is the remainder when m(7) is divided by v?
7
Let t(r) = 7*r**2 - r. Let v be t(1). Calculate the remainder when v/36 - (-226)/12 is divided by 5.
4
Let o = -13 + 42. Calculate the remainder when o is divided by 11.
7
What is the remainder when 2/12 + 500/24 is divided by 12?
9
Suppose 0 = 4*v - 4*l - 104, -6*v - 3*l + 66 = -3*v. Calculate the remainder when v is divided by 4/18 - (-158)/18.
6
Suppose 3*l + 5 = 4*l. Let q = 3 + 0. Suppose y + 28 = q*y. Calculate the remainder when y is divided by l.
4
Suppose -5*o = -4*z - 112, o + 0*z - 14 = 5*z. Calculate the remainder when 69 is divided by o.
21
Let o = -26 - -31. What is the remainder when 23 is divided by o?
3
Let x = 27 + -17. Suppose -h - 3*h + 4 = 2*y, -32 = -5*y + h. What is the remainder when x is divided by y?
4
Calculate the remainder when ((-2)/4)/(4/(-424)) is divided by 14.
11
Suppose -4*c = -6*c + 12. Suppose 3*a = 4*a - c. Let w(t) = 21*t**2 + 5*t - 3. Calculate the remainder when w(1) is divided by a.
5
Let q = -46 - -65. What is the remainder when q is divided by 6?
1
Let l(y) = -y**2 - 13*y + 13. Let x = 15 - 26. Calculate the remainder when l(x) is divided by 19.
16
Let b = -1 + 3. Suppose 0 = 2*d + b*d - 100. Suppose 0 = -0*w + 5*w - d. Calculate the remainder when w is divided by 2.
1
Suppose 3*z - 178 - 125 = 0. What is the remainder when z is divided by 34?
33
Suppose 4*w + 17 = 3*q, -3*w = -q - 0*q + 14. Let l be 1/(-3) - w/15. Suppose -2*o = -3*h - 20, h + 0*h + 2 = l. Calculate the remainder when o is divided by 4.
3
Suppose 2*l = 5*l + 2*c + 79, 0 = 3*l - c + 73. What is the remainder when (-2 - l) + (-7 - -9) is divided by 9?
7
Let d(w) = 3*w**3 - 2*w**2 + 2. Let s = -10 - -12. Calculate the remainder when d(s) is divided by 7.
4
Let s(k) = k**3 + 5*k**2 - 2*k - 5. Let j be s(-5). Suppose 168 + 17 = j*v. What is the remainder when v is divided by 164/12 + 4/(-6)?
11
Let q = -141 + 157. What is the remainder when 44 is divided by q?
12
Let o(t) = -t**3 - 6*t**2 + 7*t + 5. Calculate the remainder when 17 is divided by o(-7).
2
Calculate the remainder when 47 is divided by 49/7*(-20)/(-14).
7
Let n = 40 + -29. Calculate the remainder when (6/(-9))/((-1)/48) is divided by n.
10
Suppose w = -3*u + 9, 17 = -0*u + 2*u - 3*w. Suppose -z = z - u. Suppose 4*m + 62 = 2*n + z*m, -2*m - 96 = -3*n. What is the remainder when n is divided by 9?
7
Suppose -5*l + 25 = 0, 0 = -5*s + 3*l + l + 65. Calculate the remainder when s is divided by 7.
3
Let c(i) = -i**3 + i**2 - 3. Let k = 9 + -3. Calculate the remainder when c(-2) is divided by k.
3
What is the remainder when (-4930)/(-70) - (-4)/7 is divided by 37?
34
Let b = 24 - 14. What is the remainder when 39 is divided by b?
9
Calculate the remainder when (1 - (-10)/(-4))*(-128)/6 is divided by 11.
10
Let h = 41 - 67. Let w be h/7 + 14/(-49). Let j(t) = 2*t**2 + 3*t - 4. What is the remainder when 30 is divided by j(w)?
14
Suppose z - 79 = 26. What is the remainder when 31 is divided by z/6 - (-3)/(-6)?
14
Let g be (4/(-3))/(4/(-786)). Let c be 3*2/((-12)/g). What is the remainder when c/(-7) - 2/(-7) is divided by 7?
5
Suppose 0 = 5*s - 4 - 21. Suppose 2*h + 59 = -2*r + s*r, -2*h = 2. Calculate the remainder when 37 is divided by r.
18
Suppose -4*v + 30 = v. Suppose 264 = 10*l - v*l. Calculate the remainder when l is divided by 23.
20
Suppose -3*z + 74 = 62. Calculate the remainder when 42 is divided by z.
2
Le